 is the thousands digit of 8386?
8
What is the hundreds digit of 12292?
2
What is the units digit of 284?
4
What is the units digit of 632?
2
What is the thousands digit of 35127?
5
What is the thousands digit of 3336?
3
What is the thousands digit of 2370?
2
What is the thousands digit of 1302?
1
What is the thousands digit of 1981?
1
What is the ten thousands digit of 20460?
2
What is the tens digit of 8625?
2
What is the thousands digit of 59992?
9
What is the hundreds digit of 846?
8
What is the hundreds digit of 50386?
3
What is the units digit of 3452?
2
What is the units digit of 603?
3
What is the units digit of 2124?
4
What is the units digit of 21130?
0
What is the units digit of 7173?
3
What is the units digit of 898?
8
What is the ten thousands digit of 45589?
4
What is the hundreds digit of 4660?
6
What is the tens digit of 8043?
4
What is the hundreds digit of 52099?
0
What is the thousands digit of 62902?
2
What is the hundreds digit of 310?
3
What is the units digit of 31031?
1
What is the thousands digit of 79157?
9
What is the units digit of 70?
0
What is the units digit of 4150?
0
What is the ten thousands digit of 21658?
2
What is the hundreds digit of 4324?
3
What is the thousands digit of 17418?
7
What is the hundreds digit of 960?
9
What is the ten thousands digit of 123824?
2
What is the hundreds digit of 7752?
7
What is the units digit of 2317?
7
What is the units digit of 666?
6
What is the units digit of 117?
7
What is the hundreds digit of 1317?
3
What is the hundreds digit of 4563?
5
What is the tens digit of 186309?
0
What is the tens digit of 5077?
7
What is the tens digit of 540?
4
What is the hundreds digit of 748?
7
What is the tens digit of 195336?
3
What is the units digit of 26642?
2
What is the hundreds digit of 2158?
1
What is the units digit of 505?
5
What is the units digit of 58?
8
What is the tens digit of 1686?
8
What is the units digit of 303?
3
What is the tens digit of 14745?
4
What is the tens digit of 1030?
3
What is the tens digit of 2097?
9
What is the hundreds digit of 8872?
8
What is the tens digit of 1822?
2
What is the thousands digit of 9548?
9
What is the tens digit of 379?
7
What is the hundreds digit of 1900?
9
What is the hundreds digit of 24630?
6
What is the tens digit of 9282?
8
What is the units digit of 6432?
2
What is the units digit of 1347?
7
What is the thousands digit of 5338?
5
What is the tens digit of 2210?
1
What is the tens digit of 701?
0
What is the hundreds digit of 112?
1
What is the hundreds digit of 106?
1
What is the ten thousands digit of 31401?
3
What is the thousands digit of 1029?
1
What is the hundreds digit of 120949?
9
What is the units digit of 78382?
2
What is the units digit of 35492?
2
What is the thousands digit of 3351?
3
What is the hundreds digit of 1120?
1
What is the tens digit of 49?
4
What is the thousands digit of 16571?
6
What is the tens digit of 2886?
8
What is the ten thousands digit of 12406?
1
What is the units digit of 69917?
7
What is the thousands digit of 1690?
1
What is the hundreds digit of 422?
4
What is the tens digit of 494?
9
What is the thousands digit of 4297?
4
What is the tens digit of 2250?
5
What is the tens digit of 335?
3
What is the units digit of 3003?
3
What is the tens digit of 590?
9
What is the hundreds digit of 4381?
3
What is the tens digit of 1827?
2
What is the tens digit of 3074?
7
What is the units digit of 11651?
1
What is the tens digit of 7484?
8
What is the thousands digit of 1516?
1
What is the units digit of 1718?
8
What is the hundreds digit of 4467?
4
What is the tens digit of 9155?
5
What is the tens digit of 1161?
6
What is the tens digit of 14256?
5
What is the tens digit of 285?
8
What is the hundreds digit of 33653?
6
What is the units digit of 8821?
1
What is the thousands digit of 4245?
4
What is the tens digit of 63?
6
What is the thousands digit of 36029?
6
What is the thousands digit of 2121?
2
What is the hundreds digit of 32351?
3
What is the tens digit of 55?
5
What is the hundreds digit of 73084?
0
What is the units digit of 19482?
2
What is the thousands digit of 9927?
9
What is the thousands digit of 10406?
0
What is the thousands digit of 22695?
2
What is the units digit of 8784?
4
What is the units digit of 1068?
8
What is the units digit of 1034?
4
What is the units digit of 2570?
0
What is the thousands digit of 2499?
2
What is the units digit of 138719?
9
What is the tens digit of 41579?
7
What is the tens digit of 28671?
7
What is the units digit of 4679?
9
What is the thousands digit of 13092?
3
What is the hundreds digit of 3246?
2
What is the units digit of 34700?
0
What is the units digit of 50253?
3
What is the hundreds digit of 1400?
4
What is the units digit of 23269?
9
What is the hundreds digit of 18836?
8
What is the hundreds digit of 91784?
7
What is the units digit of 844?
4
What is the ten thousands digit of 19368?
1
What is the tens digit of 2932?
3
What is the tens digit of 168975?
7
What is the units digit of 123941?
1
What is the units digit of 982?
2
What is the hundreds digit of 1348?
3
What is the ten thousands digit of 93942?
9
What is the ten thousands digit of 30007?
3
What is the thousands digit of 4997?
4
What is the ten thousands digit of 72436?
7
What is the units digit of 38389?
9
What is the tens digit of 719?
1
What is the units digit of 12802?
2
What is the tens digit of 1317?
1
What is the tens digit of 3608?
0
What is the thousands digit of 47052?
7
What is the units digit of 115580?
0
What is the units digit of 321?
1
What is the thousands digit of 9634?
9
What is the thousands digit of 4702?
4
What is the units digit of 6113?
3
What is the hundreds digit of 360?
3
What is the hundreds digit of 3135?
1
What is the hundreds digit of 37569?
5
What is the thousands digit of 6992?
6
What is the hundreds digit of 1475?
4
What is the hundreds digit of 7140?
1
What is the tens digit of 626?
2
What is the hundreds digit of 25180?
1
What is the ten thousands digit of 90168?
9
What is the units digit of 15442?
2
What is the hundreds digit of 935?
9
What is the thousands digit of 2428?
2
What is the units digit of 1171?
1
What is the hundreds digit of 6086?
0
What is the units digit of 2214?
4
What is the thousands digit of 63696?
3
What is the hundreds digit of 1612?
6
What is the hundreds digit of 44368?
3
What is the hundreds digit of 8961?
9
What is the tens digit of 1111?
1
What is the hundreds digit of 48034?
0
What is the thousands digit of 1001?
1
What is the units digit of 30402?
2
What is the units digit of 128391?
1
What is the hundreds digit of 84537?
5
What is the hundreds digit of 3241?
2
What is the thousands digit of 1513?
1
What is the tens digit of 73659?
5
What is the tens digit of 6951?
5
What is the tens digit of 9076?
7
What is the hundreds digit of 933?
9
What is the tens digit of 2295?
9
What is the tens digit of 985?
8
What is the units digit of 10024?
4
What is the units digit of 55530?
0
What is the tens digit of 3839?
3
What is the thousands digit of 4325?
4
What is the hundreds digit of 9938?
9
What is the thousands digit of 17546?
7
What is the hundreds digit of 1328?
3
What is the thousands digit of 94569?
4
What is the units digit of 1989?
9
What is the hundreds digit of 7177?
1
What is the hundreds digit of 3584?
5
What is the hundreds digit of 1384?
3
What is the ten thousands digit of 72321?
7
What is the units digit of 1249?
9
What is the thousands digit of 4871?
4
What is the ten thousands digit of 82965?
8
What is the tens digit of 24787?
8
What is the units digit of 137355?
5
What is the hundreds digit of 143663?
6
What is the ten thousands digit of 45347?
4
What is the tens digit of 3533?
3
What is the tens digit of 813?
1
What is the units digit of 33847?
7
What is the tens digit of 412?
1
What is the tens digit of 11084?
8
What is the tens digit of 6940?
4
What is the tens digit of 3496?
9
What is the tens digit of 3223?
2
What is the thousands digit of 5667?
5
What is the hundreds digit of 2060?
0
What is the hundreds digit of 1003?
0
What is the tens digit of 36811?
1
What is the units digit of 1216?
6
What is the tens digit of 161?
6
What is the units digit of 16753?
3
What is the thousands digit of 59750?
